of v and y.
13
Let h = -1 + 25. Calculate the highest common factor of 18 and h.
6
Suppose 2 = -3*x + 98. Let r(v) = v**2 + 3*v - 2. Let s = 9 - 6. Let q be r(s). What is the highest common divisor of x and q?
16
Let z(d) = d**2 - 9*d + 16. Let p be z(7). Calculate the greatest common divisor of p and 10.
2
Suppose -x - 3*u = -68, 4*x + 4*u + 61 = 5*x. Calculate the greatest common factor of 26 and x.
13
Suppose -3*f + 101 = 5*o, -o = o + f - 40. Calculate the highest common factor of o and 76.
19
Let t(n) be the third derivative of 0*n + 7/30*n**5 + 0 + 1/12*n**4 - 3*n**2 + 0*n**3. Let h be t(2). What is the highest common divisor of 12 and h?
12
Let n be (-2515)/(-35) + (-2)/(-14). What is the greatest common divisor of 8 and n?
8
Suppose 17 - 7 = 5*a. Suppose -k - a = -12. Let b be (-18)/(-5)*k/3. Calculate the greatest common divisor of b and 12.
12
Let f be (16/(-6))/((-4)/12). Let p = 10 + -5. Suppose y + y + 4*t - 136 = 0, -2*t = -p*y + 364. What is the highest common divisor of y and f?
8
Let t(y) = 2*y + 3. Let w be t(5). Let x(z) = -8*z + 228. Let a be x(22). Calculate the greatest common factor of w and a.
13
Let m(s) = 4*s**2 + 2*s - 2. Let z be m(-6). Suppose -5*c = 4*l - z, -2*c + 40 = -0*c + 4*l. What is the greatest common divisor of 12 and c?
6
Suppose 10 + 26 = 2*a. What is the greatest common factor of 45 and a?
9
Let u(z) = -6*z - 43. Let p be u(-18). Calculate the highest common factor of p and 13.
13
Suppose -5*n + 153 = 3*h, 5*n - 6*h = -h + 145. Let l be 102/255 - (-746)/10. Calculate the greatest common divisor of n and l.
15
Suppose -m - 8 = -2*l, -2*m = 3*l - 6*l + 11. Let c(t) = -t**2 + 2. Let f be c(0). Calculate the highest common divisor of m and f.
2
Suppose 17 = c - 2*v, 0*v + v + 46 = 3*c. What is the greatest common divisor of c and 165?
15
Suppose -3*j - 585 = 3*h, -4*h - 149 = -4*j - 889. Let o = -82 - j. What is the highest common divisor of o and 12?
12
Let h(o) be the second derivative of o**3/3 + 9*o**2 + o. Let c be h(-12). Let r = 8 + c. Calculate the highest common factor of r and 16.
2
Let f(b) = 52*b + 2. Let l(g) = 78*g + 3. Let r(n) = 7*f(n) - 5*l(n). Let u be (-2)/6*(0 + 3). Let m be r(u). Calculate the highest common divisor of m and 10.
5
Suppose 0 = q + 2*z + z - 11, 5*q - z = 7. Let f = q + 10. What is the highest common divisor of f and 60?
12
Let z = 89 + -62. Suppose 2*x - z = -3*f, 2*x - 2*f - f - 9 = 0. What is the greatest common factor of 99 and x?
9
Let b be ((-5)/(-3))/(1/24). Suppose 0*l - b = -5*l. Let i = -4 - -28. Calculate the greatest common divisor of l and i.
8
Let j(i) = 17*i**2 - 7*i + 9. Let m be j(2). What is the greatest common divisor of m and 7?
7
Let o(n) = -38*n + 2. Let b be o(-1). Calculate the greatest common factor of b and 200.
40
Let t(c) = 9*c - 20. Let l be t(4). What is the highest common divisor of 40 and l?
8
Let b be 3 + 0/(9/3). Let o(l) = 2*l**2 - 3*l. Let x be o(b). Let d be 0 - (-19 - (0 - 1)). What is the highest common divisor of d and x?
9
Let m(y) = y**3 - 5*y**2 + 2*y - 4. Let n be 1*(0 - -1 - -2). Let w be (-5)/(0 + (-3)/n). Let h be m(w). Calculate the greatest common factor of 6 and h.
6
Suppose f + 5*q - 83 = 0, 2*f - 134 = -4*q + 8. Let h = 19 + -9. Let j = h + -3. What is the highest common factor of f and j?
7
Let k be (-2 - (-26)/8)*(73 - 9). Let h = 5 + 15. What is the highest common divisor of k and h?
20
Suppose -7*j + 2*j - 3*d = -78, -57 = -4*j + 3*d. Suppose 4*y - 27 = 33. Calculate the greatest common factor of j and y.
15
Let k(r) = r**2 - r. Let d be (2 - 3)*(-1 - 0). Let p be k(d). Suppose p = -5*v + 4*v + 11. What is the greatest common divisor of 121 and v?
11
Suppose 0 = 2*f - f - 72. Let r = 42 + -24. Calculate the highest common factor of r and f.
18
Let x = 10 + -25. Let k = 120 + -73. Let w = x + k. Calculate the greatest common divisor of w and 16.
16
Let c(j) = j + 4. Let n be c(8). Suppose 0*p + 36 = 5*p - 2*x, 3*p + 5*x = 34. What is the highest common factor of p and n?
4
Let p(b) = b**3 - b**2 + 2*b**2 - 15 + 16*b - 10*b**2 - 2*b**3. Let z be p(-12). What is the greatest common divisor of z and 25?
25
Let j = 7 - 17. Let q be (-2)/4 - 2435/j. What is the highest common divisor of q and 27?
27
Suppose 0 = -4*p + 4*k - 36, -17 = 4*p - 2*k + 21. Let l = -5 - p. Suppose 5*o - 75 = -l*z, 4*z + 3*o - 52 = o. What is the greatest common factor of 121 and z?
11
Let g be (-108)/5*110/(-44). Calculate the highest common factor of g and 12.
6
Let s be -9 + 10 + 3 + 0. What is the highest common factor of s and 4?
4
Let q(c) = 16*c - 8. Let t be q(-9). Let s = -97 - t. Calculate the greatest common divisor of 11 and s.
11
Let z(x) = -5*x**2 + 44*x + 10. Let y be z(8). What is the highest common factor of 14 and y?
14
Let w(n) = n**2 + 5*n - 6. Let b be w(4). Let c = 140 - b. Calculate the greatest common factor of 10 and c.
10
Let x(t) = 3*t. Let k be (16/20)/(2/15). Let z be x(k). Suppose 1 = 2*a - 3. What is the greatest common divisor of a and z?
2
Let b = -21 - -24. Suppose 0 = -b*z - 2*t + 26 + 10, -4*z - 2*t = -48. Calculate the highest common factor of z and 3.
3
Let s = 4 + -3. Let u be s - (2*11)/(-2). Suppose -240 = -12*z + 8*z. Calculate the highest common factor of z and u.
12
Let x(z) = z**3 + 8*z**2 + z. Let q be x(-5). Calculate the greatest common factor of 10 and q.
10
Suppose -13 = -t + 5*r, t + 0*t = r - 7. Let b = -3 - t. Let d be (9/2)/((-1)/(-10)). What is the greatest common factor of d and b?
9
Suppose 2*p = 0, -4*p = -5*h + 40 + 20. What is the highest common divisor of h and 96?
12
Let h(o) = -o**2 - 2. Let m be h(-3). Let a = m - -26. Calculate the highest common divisor of 15 and a.
15
Let a = 53 + -14. Calculate the highest common divisor of 13 and a.
13
Let j(o) = o**3 - 12*o**2 - 11*o - 8. Let r be j(13). What is the greatest common divisor of r and 54?
18
Let g be (45/(-6))/((-9)/24). What is the greatest common factor of 180 and g?
20
Let b be 1/8 + (-2300)/(-32). Suppose 0 = -2*a + 19 + 17. Calculate the greatest common divisor of a and b.
18
Let p = 5 - -9. Let o be -3 - p*2/(-4). Calculate the greatest common divisor of o and 1.
1
Suppose 3*d - 34 = p, -3*d + 3*p + 13 = -17. What is the greatest common divisor of d and 3?
3
Suppose 0*p = 4*p + 8. Let q be 3 + -1 + (p - -2). Let m = 5 - -5. What is the greatest common divisor of q and m?
2
Suppose 5*k + 91 = -2*q + 489, 0 = 5*k - 3*q - 403. What is the highest common divisor of k and 5?
5
Suppose 0*b = -4*b + 12. Let y(p) = -p**3 + 3*p**2 + 4*p + 1. Let k be y(b). Let t = -58 + 110. What is the greatest common divisor of k and t?
13
Let f(i) = 14*i**3 - 5*i**2 - i + 1. Let j be f(1). Let s(x) = 3*x**2 + 4*x + 4. Let r be s(-4). Calculate the greatest common divisor of r and j.
9
Suppose 0 = 3*b - 4*m + m - 798, -b + 4*m + 281 = 0. Calculate the highest common divisor of b and 29.
29
Suppose 4*s = 9*s - 45. Calculate the greatest common divisor of 126 and s.
9
Let t be ((-6)/4)/(3/(-18)). Let m = 7 - 7. Suppose 2*z - 3*z - 3*k + 36 = 0, m = k. Calculate the greatest common factor of z and t.
9
Let g(h) = 2*h**2 - 6*h - 6. Let m be g(5). Calculate the greatest common factor of 56 and m.
14
Let u(x) = -8*x + 49. Let j be u(6). What is the greatest common divisor of j and 1?
1
Let k(l) = -5*l + 46. Let c be k(-4). Suppose 16 - 1 = 3*m. Suppose 3*v - m*p - 38 = 0, v + v = -3*p. What is the highest common divisor of c and v?
6
Let p be 3/2 - 375/(-6). Let o = 92 - p. Calculate the highest common divisor of 4 and o.
4
Suppose -6*i + 308 = i. What is the greatest common factor of 4 and i?
4
Let l = -121 + 209. Let n = -16 + l. What is the highest common divisor of 48 and n?
24
Let h be (-430)/(-3) - (-2)/3. Let j = -4 - -20. What is the greatest common factor of j and h?
16
Suppose 0*i + 3*i + 30 = 4*d, -4*d + 28 = -4*i. Calculate the greatest common factor of d and 1.
1
Let f(n) = 34*n - 2. Let v be f(2). Let g = 17 - 11. Calculate the highest common factor of v and g.
6
Suppose -4*z - 2*c + 3*c = -132, -66 = -2*z + c. Calculate the highest common factor of z and 11.
11
Let v be (-31)/4 + (-2)/8. Let o be v/(-5) - 2/(-5). Suppose 4*p - i = 53, 5*p - 4*i = i + 55. Calculate the greatest common divisor of o and p.
2
Suppose 4*j - 4 = 2*j. Suppose